ors of w.
269
Let u be 4/(-1) - (-10 + 6). Suppose u = -r + 1 + 5. What are the prime factors of r?
2, 3
List the prime factors of -45 + 54 + 3249*1.
2, 3, 181
Let y = 13 + -9. Suppose 18 + 2 = y*r. Suppose -2*l + 3*l - r = 0. What are the prime factors of l?
5
Let p(g) be the second derivative of 99*g**4/4 + g**3/2 + 2*g**2 - 21*g - 2. What are the prime factors of p(-1)?
2, 149
Let p = 34 - 35. What are the prime factors of (3 + -4)/(p/62)?
2, 31
List the prime factors of (-10)/15 - (-2324)/3.
2, 3, 43
Let u(g) = g**3 - 4*g**2 + 2*g - 1. Let y be u(1). Let r(w) be the first derivative of -11*w**2/2 - 2*w + 1. List the prime factors of r(y).
2, 5
Let d be -37 + (-1 + -1)/(-1). Let m = -17 - d. Suppose m - 93 = -5*n. List the prime factors of n.
3, 5
Let i(m) = 13*m - 40. Let y be i(-9). Let n = y + 238. List the prime factors of n.
3
Let m(z) = -z + 6. Let k be m(6). Suppose 3*h = -4*q + 190, k*q - 41 = -q - 4*h. List the prime factors of q.
7
List the prime factors of ((-6)/(-6)*(-227)/1)/(-1).
227
Suppose 0*p - p = -2. Suppose 0 = -2*y + 4*l + 112, 0 = 2*l + p*l + 20. What are the prime factors of y?
2, 23
Let x(r) = 18*r + 21. Let g be x(-8). What are the prime factors of g/(-5)*(-75)/(-15)?
3, 41
Let t = -35 - -37. Suppose 0 = s + p - 0*p - 20, 3*s - 57 = -t*p. List the prime factors of s.
17
Let s be (-4*1)/(32/24). Let y(v) be the third derivative of -v**6/120 - v**5/60 + v**4/6 + v**3/2 + v**2. List the prime factors of y(s).
3
Let b = -804 - -1842. What are the prime factors of b?
2, 3, 173
Let a = -10 + 4. Let x(c) = 4*c**3 - c**2 + 9*c - 7. Let z(w) = -3*w**3 + 2*w**2 - 8*w + 6. Let o(g) = 4*x(g) + 5*z(g). What are the prime factors of o(a)?
2, 13
List the prime factors of ((-9)/(-3))/(0 + (-3)/(-1013)).
1013
Suppose 3554 = 7*a - 1143. List the prime factors of a.
11, 61
Suppose -3*t - 2*p = -902, -5*p = 2*t - 7*t + 1495. Suppose z - t = -5*z. What are the prime factors of z?
2, 5
Let q = 144 + -79. Let z = 8 - 8. Suppose 0 = f - z*f - q. List the prime factors of f.
5, 13
Let g(i) = -2*i - 9. Let l(k) = -k**3 - 16*k**2. Let q be l(-16). Let s be g(q). What are the prime factors of ((-6)/s)/((-14)/(-1323))?
3, 7
Suppose -7*h = -3*h + 1304. Let m = -174 - h. Suppose -4*l + 0*l = -m. List the prime factors of l.
2, 19
Let u(h) = h + 1. Let t be u(2). Suppose t*y - 160 = -4*w - 59, 3*w = -y + 37. List the prime factors of y.
31
Let q(i) be the third derivative of i**4/6 - i**3/2 + 5*i**2. Let s be q(-9). Let c = s + 56. List the prime factors of c.
17
Let r(t) = -8*t - 33. Suppose 5*w + w + 30 = 0. List the prime factors of r(w).
7
Let j(x) = x**2 - x - 10. Let p = 0 + 5. Suppose -p*s - 19 = 6. List the prime factors of j(s).
2, 5
What are the prime factors of (-4 + (-30560)/(-30))/((-2)/(-9))?
2, 3, 761
Suppose 3*t + 5*o = 120, -4*t - 5*o - 16 = -171. Let g = t + 259. List the prime factors of g.
2, 3, 7
List the prime factors of (-1324)/(-2) + (-20)/10.
2, 3, 5, 11
Suppose -2*u - v + 12 = 0, 0 = -3*v + v + 4. Let m be 36/(-10)*u/(-2). Let o = m + 14. What are the prime factors of o?
23
Let l(f) be the first derivative of -3*f**4/4 - f**3 + 3*f**2/2 + 3*f + 3. Let t be l(2). Let n = t + 30. What are the prime factors of n?
3
Suppose o = -3*p - 765, -4*o - p - 3518 + 447 = 0. List the prime factors of (o/14)/(-1) - 2/(-14).
5, 11
Let f(n) = -12*n**2 - 95*n + 11. Let r be f(-8). Let v = 81 - -43. Suppose r*d + 5*o - 78 = v, o - 64 = -d. What are the prime factors of d?
59
Suppose -175 = -t - 4*p - 26, 5 = 5*p. What are the prime factors of t?
5, 29
Suppose 3*w = b - 2477 - 702, -3*b - 4*w + 9511 = 0. What are the prime factors of b?
19, 167
Suppose -5*t - 5*u = -15930, -12*t + 2*u - 3190 = -13*t. List the prime factors of t.
2, 37, 43
Let b(u) = 49*u - 600. What are the prime factors of b(29)?
821
Let r(z) = z**2 - 7*z + 8. Suppose -3*i + 3*w + 24 = 0, -4*i - 4*w + 1 = -23. What are the prime factors of r(i)?
2
Suppose 4*v - 5*a = 3*v - 23, 30 = 5*v + 4*a. Let f be (3 + -5)/v + 54. Let o = -34 + f. List the prime factors of o.
19
Let u(y) = 11*y - 1. Let f be u(5). Let l = 68 - f. What are the prime factors of l?
2, 7
Let j = 11 - -73. Suppose -4*h = 2*i - j, -4*i = -3*h + h - 128. List the prime factors of i.
2, 17
Suppose 10*s = 11*s - 3*j - 3232, 5*s + 2*j = 16126. What are the prime factors of s?
2, 1613
Suppose 0 = 5*r + w - 554, 6*r + 556 = 11*r - w. List the prime factors of r.
3, 37
List the prime factors of 1/(-4) + (-288576)/(-256).
7, 23
What are the prime factors of ((-566)/(-6))/(24/576)?
2, 283
Suppose -12*k + 1326 + 26214 = 0. List the prime factors of k.
3, 5, 17
Suppose 2*t - 4*t = 4*m - 430, 2*m = 5*t - 1075. List the prime factors of t.
5, 43
Suppose 23*w - 26*w = 2*t - 5611, 4*w = -5*t + 7493. What are the prime factors of w?
1867
Let s = -636 - -1164. What are the prime factors of s?
2, 3, 11
List the prime factors of 276/10*(-3)/(24/(-100)).
3, 5, 23
Let t = 60 + -12. Let r(m) = -26*m**3 - m**2 + 2*m**2 - 7*m - t*m**3 + 6*m - 1. What are the prime factors of r(-1)?
3, 5
Suppose 4749*q = 4760*q - 35761. What are the prime factors of q?
3251
Let a(q) = q**2 + q + 1. Let d(g) = -2*g**3 - g - 1. Let w be d(-1). Suppose 4*s - w = 5*s. List the prime factors of a(s).
3
Let x be 5/((-105)/6)*-7. Suppose x*d + 3 = 3*d. List the prime factors of (d - -2)*(-38)/(-10).
19
Suppose -6*q + 7*q = 4*p - 1181, 2*p + 2*q - 598 = 0. What are the prime factors of p?
2, 37
What are the prime factors of 7961/6 - (-20)/(-24)?
2, 3, 13, 17
Let g(l) be the first derivative of l**4/3 - 5*l**3/3 + 4*l - 3. Let t(p) be the first derivative of g(p). What are the prime factors of t(4)?
2, 3
Suppose -6*u + 4*u - 2*p + 6034 = 0, -2 = -p. List the prime factors of u.
3, 5, 67
Let p(d) = d**2 - 23*d + 6. Let q be p(-5). Let y = q - 19. List the prime factors of y.
127
Let t(p) = 3*p - 2*p + 8*p**2 - 3 + 0*p. Let h be t(2). Suppose 0 = -k + 7 + h. What are the prime factors of k?
2, 19
List the prime factors of (2*379/2)/(-1 - -2).
379
Let k be ((4/6)/(-2))/((-1)/12). What are the prime factors of (10/k + -2)/((-8)/(-784))?
7
Let p be (-16 + 15)*(-2 - 0). Suppose -p*q + 3 = -q. Suppose 0 = 2*n - q*n + 26. List the prime factors of n.
2, 13
Let a be (-3)/((4/14)/2). What are the prime factors of ((-28)/a)/((-1)/(-42))?
2, 7
Let r be (22/55)/(2/10). Let l(g) be the first derivative of 9*g**4/4 - 2*g + 2. What are the prime factors of l(r)?
2, 5, 7
Let p(r) = -7*r + 322. List the prime factors of p(-11).
3, 7, 19
List the prime factors of (-105)/14*-14 - 1.
2, 13
Suppose -2530 = -8*w + 12270. What are the prime factors of w?
2, 5, 37
Let i = 1838 + -3301. List the prime factors of (i/28)/(-11) + (-1)/(-4).
5
Let h be (-4)/(3 - -1) - -2. Suppose 5*r - h = 14. List the prime factors of r - 5/(5/(-16)).
19
Let i = 104 + -22. Suppose -2*y + 119 = j, -3*y + i = -5*j - 64. List the prime factors of y.
3, 19
Let w(g) = g**2 + 2*g - 1. Let n be w(0). Let v = 3 - n. Suppose 62 = y - h - 8, -281 = -v*y + 3*h. List the prime factors of y.
71
Suppose -4*w + 7042 = -4*p - 7122, 3*w - p = 10615. What are the prime factors of w?
3, 131
Let n(j) = -j**3 - 6*j**2 - 3*j - 5. Let f(w) be the second derivative of -w**4/12 - w**3/6 + w. Let d(p) = -4*f(p) - n(p). List the prime factors of d(-8).
7, 11
List the prime factors of 2 + 3/(12/(-20)) - -89.
2, 43
Let u(k) = k**3 + 8*k**2 - 153*k - 48. What are the prime factors of u(-14)?
2, 3, 17
Suppose 0 = 5*i - 4*y - 50, 0*i - 2*i = 2*y - 2. Let k(b) = -b**3 + 6*b**2 + 5*b - 6. Let a be k(i). Suppose c + a = 2*c. List the prime factors of c.
2, 3
Let a(v) = -2*v - 9*v - 2 + 4*v + 13 - v**2. Let z be a(-8). Suppose z*x = 13 + 8. List the prime factors of x.
7
Let z(r) = -r**2 - 6*r + 2. Let w be z(-6). Suppose 3*b - 83 = w*g, 8*g - 3*g = -b + 39. List the prime factors of b.
29
Let r = -3 - -5. Suppose -64 = 6*w - 10*w. Let u = r + w. What are the prime factors of u?
2, 3
Suppose 4*n + n = -2*m + 19, 0 = -m + 2. Suppose 0 = -n*y + 5 + 10. Suppose 95 = -0*s + y*s. List the prime factors of s.
19
Suppose 11*y - 8*y - 3*h = 606, 0 = -2*y - h + 398. List the prime factors of y.
2, 5
Suppose 0 = -3*l - 5*t + 57 - 14, l - 5 = 3*t. Let a = l - -3. List the prime factors of a.
2, 7
Suppose -94 = -5*p + 4*p. Let w be 477/12 + 2/8.